- 56*w**3 - 4*w**2 - 1 - w. What are the prime factors of g(-2)?
439
Let t = -12373 - -26300. What are the prime factors of t?
19, 733
Let g(a) be the first derivative of -11*a**2/2 - 24*a + 19. Let p(f) = -f**2 + 7*f - 7. Let x be p(7). List the prime factors of g(x).
53
Let m(a) = -23*a + 14. Let z(k) = 4. Let p(d) = -m(d) + 3*z(d). Let r(g) = -g**3 - 6*g**2 - 2*g - 4. Let o be r(-6). What are the prime factors of p(o)?
2, 7, 13
Let j(o) be the third derivative of 1/60*o**6 + o**3 + 25*o**2 + 0*o**4 - 7/60*o**5 + 0*o + 0. What are the prime factors of j(5)?
3
Let a(p) = 78*p**3 + p**2 + 37*p - 361. List the prime factors of a(9).
5, 11383
Let q(i) = 350*i + 1294. What are the prime factors of q(68)?
2, 12547
Let a(b) = -b**2 - 10*b - 3. Let f be a(-9). Suppose -z = -1 + f, -4*z = 5*o - 7330. What are the prime factors of o?
2, 3, 5, 7
Let x be (20/6)/((-6)/(-9)). Suppose 0 = 4*k - 0*k - x*j - 1, -2*k + 5*j + 3 = 0. Let l(p) = -217*p**3 - 2*p**2 + p. List the prime factors of l(k).
2, 107
Let t be (-16)/20 - (-168)/35. Suppose -t*b + g = -743, -2*g = -b + 258 - 67. What are the prime factors of b?
5, 37
Suppose -150 = -2*y + 68. Suppose j - y = z, -j + 206 = j + 2*z. Suppose -10 + j = 4*h. What are the prime factors of h?
2, 3
Let n(h) = 249*h - 4. Let l be n(-1). Let t = l - -435. What are the prime factors of t - ((4 - (2 + -2)) + -3)?
181
Let s = 70468 - 34954. What are the prime factors of s?
2, 3, 1973
Suppose -q + c = -4269, -q + 5*c = -4139 - 114. What are the prime factors of q?
4273
Suppose -4*j - 5*c = 744 - 284, 2*j + 2*c = -232. Let x be (2 - (-1 + 4)) + j. Let f = 186 + x. What are the prime factors of f?
5, 13
Let f = 9379 + 8864. List the prime factors of f.
3, 2027
Suppose 0*d - 17690 = -2*d + 152778. List the prime factors of d.
2, 19, 2243
Suppose -51*k + 31*k - 187392 = -26*k. What are the prime factors of k?
2, 61
Let z = -16008 - -23364. What are the prime factors of z?
2, 3, 613
Let g be (5/(-2))/(-6*7/(-420)). What are the prime factors of (-10)/g + (-488)/(-5)?
2, 7
Let s(k) = -k**3 + 31*k**2 + 87*k - 33. What are the prime factors of s(27)?
2, 3, 109
Let h(w) = -w**3 - 6*w**2 - 29*w - 27. Let g = -66 - -58. What are the prime factors of h(g)?
3, 37
Let x(k) be the third derivative of 0*k + 0 + 35/6*k**3 - k**2 + 47/24*k**4. What are the prime factors of x(5)?
2, 3, 5
Let b = -26 - -12. What are the prime factors of 280 - (38/(-14) + 4/b)?
283
Let m(d) = -d**2 + 9*d + 60. Let u be m(13). List the prime factors of (-286)/(-4) + (-2)/u*2.
71
Suppose 2*o - 3*l - 18155 = 0, -11341 + 2265 = -o + 2*l. What are the prime factors of o?
2, 19, 239
Suppose -5*y - 66 = -201. Suppose 0 = -y*s + 31*s - 348. Suppose -4*o = 3*l - 840 + s, -3*l - 15 = 0. What are the prime factors of o?
2, 3
Suppose 1491493 + 256339 = 116*h + 247604. List the prime factors of h.
3, 479
Suppose 14186 = 34*p - 211014 - 9978. List the prime factors of p.
6917
Suppose -p = k - 1, -p + 10 - 13 = -k. Suppose 0 = 5*v - k*a - 4330, -782 = -2*v + 2*a + 944. List the prime factors of v.
2, 7, 31
Suppose -233*g + 4380 = -231*g. Suppose -431*r = -436*r + g. List the prime factors of r.
2, 3, 73
What are the prime factors of 4489 - -5 - 3*5/(-3)?
11, 409
List the prime factors of (4/(-12))/((-48)/384768).
2, 167
Suppose 4*s - 23 + 3 = 0. Suppose s*f - 3545 = 5*d, 3*d + 9 = -6. What are the prime factors of f?
2, 11
Suppose 11*s - 174 = 189. Suppose -11*p - s = -10*p. Let u = p - -55. List the prime factors of u.
2, 11
Let a = 366 + -352. Suppose 0 = a*t - 0*t - 826. What are the prime factors of t?
59
Let a be -10*5/10 + 5. Let v(f) = -5*f. Let k be v(a). Suppose k = -d - 24 + 41. What are the prime factors of d?
17
What are the prime factors of (-9 + 5259 - -13) + 19?
2, 19, 139
List the prime factors of (-190)/(-76) + (-80175)/(-10) + 1.
13, 617
Suppose 0 = -r - 2 - 6. Let p be 169/4*-6*r/3. Suppose -3*o + 2*b = -8*o + p, 0 = -2*b - 4. What are the prime factors of o?
2, 17
Suppose 5*t + 55*a - 50*a - 35 = 0, 0 = t - 2*a + 5. Let d be 1/1*1*4. Suppose -3*y + u = -496, -t*y - 156 = -d*y - 2*u. List the prime factors of y.
2, 41
List the prime factors of (-5)/(-105) + (-457042)/(-42).
2, 5441
Let v(k) = 55*k**2 + 530*k - 20. What are the prime factors of v(-23)?
5, 11, 307
Let t(m) = -2*m**3 - 8*m**2 - 3. Let s be t(-4). Let w be 530/(-65) - s - 6/(-39). List the prime factors of (-2 - -6 - (w + 5)) + 175.
179
Let g(z) = -z**3 - 10*z**2 + 46*z + 195. What are the prime factors of g(-20)?
5, 131
Let r(m) = 36*m - 7. Let l(p) = p + 1. Let b(x) = -6*l(x) - r(x). Let y be b(1). Let n = y - -144. List the prime factors of n.
103
Suppose 2*o - 2*k = 7716, -12*o - 4*k = -8*o - 15440. What are the prime factors of o?
17, 227
Let u(h) be the first derivative of h**4/2 - h**3/3 + 7*h**2 + 12*h - 142. What are the prime factors of u(7)?
3, 83
Suppose 3*d - 1369 = 2*h, 10*h - 5*h - 1376 = -3*d. Let q = d + -190. What are the prime factors of q?
3, 89
Suppose -3*u - 5*o + 3587 = -4919, 0 = -5*o + 10. Suppose 18*b = 6*b + u. List the prime factors of b.
2, 59
Let c = 5873 + -3073. What are the prime factors of c?
2, 5, 7
Let w(f) = 3*f + 115. Let p be w(-41). List the prime factors of 1236 - (3 - (p + 6)).
1231
Let q(n) = 36*n**2 - 67*n + 1243. What are the prime factors of q(-22)?
11, 1831
Let s be ((-21)/(-18) - (-15)/10)*3. Suppose -3*q - 705 = -s*q. Let x = -36 + q. What are the prime factors of x?
3, 5, 7
Let u(n) = -641*n + 2223. List the prime factors of u(-31).
2, 11047
Let t(i) = -i + 10. Let v be t(-12). Suppose -21*r + v*r = -9. What are the prime factors of 345/9 - 6/r?
3, 13
Let y be 5 + (5 + -8 - 2). Suppose -4*g + 3*p + 544 = y, -5*p + p + 117 = g. Suppose -1073 = -6*a + g. What are the prime factors of a?
3, 67
Let l(y) = y**3 - 1. Let x(m) = -2*m - 5*m**3 - 33 + 0*m + 70 + m**2 + 25. Let d(a) = 4*l(a) + x(a). What are the prime factors of d(0)?
2, 29
Let u be -1*(48 - 3)/5. Let t(i) = -i - 9. Let m be t(u). Suppose 4*x + j - 571 = m, -2*x - 2*j = -0*j - 290. What are the prime factors of x?
2, 71
Let b = -769 + 1374. Let v = 220 + b. What are the prime factors of v?
3, 5, 11
Suppose -46*n + 50148 = 4*a - 42*n, 2*a - 4*n - 25092 = 0. List the prime factors of a.
2, 3, 5, 11, 19
Suppose -16056 = -6*z + 20862. Suppose 16*t - 9*t = z. What are the prime factors of t?
3, 293
Suppose -53*t + 6205 = -48*t. Suppose -5*u + 304 = n, -u + 67 = -4*n + t. List the prime factors of n.
2, 3, 7
Suppose 4*d + 20 + 6 = 3*f, 5*d + 31 = 3*f. Suppose -800 = 3*o + f*h - 242, 2*o - 5*h = -353. Let i = -91 - o. What are the prime factors of i?
3, 31
Let a(j) = -5*j**2 - 3*j - 169. Let u(t) = t**2 + t + 42. Let v(r) = -2*a(r) - 9*u(r). What are the prime factors of v(-8)?
2, 3
Let u(z) = -9*z + 311. Let j be u(35). List the prime factors of (187 - 1) + 12/(-16)*j.
3, 7
Suppose 305131 = 5*j - 2*r, 3*j + 5*r - 76744 - 106316 = 0. What are the prime factors of j?
5, 2441
Let o(d) = 6*d - 5. Let x = 19 - 1. Let b = -13 + x. What are the prime factors of o(b)?
5
List the prime factors of 46863 + 5*36/20.
2, 3, 7, 31
What are the prime factors of -3 + (-2)/(-4) + (-3742740)/(-72)?
2, 5, 23, 113
Suppose -2333 = -3*u + 4*y, 3*u - 3*y = -u + 3120. Suppose 925 = 14*n - u. What are the prime factors of n?
2, 61
Let h(x) = 126*x**2 - 652*x + 6622. What are the prime factors of h(10)?
2, 3, 29, 73
List the prime factors of 6052 - 12 - -4 - -13.
3, 673
Suppose -11*i - 18*i + 37410 = 0. Let z = i + -680. What are the prime factors of z?
2, 5, 61
Let a be 8/(2 - -6) - -763. Let y = -64 + a. What are the prime factors of y?
2, 5, 7
Let u be -5*7/(70/(-4)). Suppose -u*n - 3*w = 2, -2*w - 5 = 3*n + 3*w. Suppose n*i - 5*l - 260 = 0, -i - 13 + 69 = -5*l. What are the prime factors of i?
3, 17
Let h = 7 + -3. Suppose -29*w = -2 + 31. What are the prime factors of (w - 3) + h*21?
2, 5
Let g(k) = 4695 - 2*k**3 - 4690 - 13*k + 8*k**2 - k**2. Let n be g(5). Let d = 136 - n. List the prime factors of d.
271
Let k(a) = 325*a**3 - a**2 + 2*a - 1. Suppose 4*q - 8 + 4 = 0. List the prime factors of k(q).
5, 13
Suppose 4*o = -5*m + 2 + 6, o - 2*m = 2. Suppose -5*s = 25, -o*w = -6*w - 2*s + 114. Let h = 63 - w. What are the prime factors of h?
2
Let k(u) = -7*u**3 - 38*u**2 - 9*u + 166. What are the prime factors